0.
2, 3, 5, 148927
List the prime factors of 164493359.
164493359
List the prime factors of 1099437127.
773, 929, 1531
List the prime factors of 8996511.
3, 2998837
List the prime factors of 212425309.
23, 67, 137849
What are the prime factors of 81810626?
2, 37, 1105549
What are the prime factors of 7367288573?
137, 53775829
List the prime factors of 1223962525.
5, 48958501
What are the prime factors of 91604530?
2, 5, 347, 26399
What are the prime factors of 289126173?
3, 7, 19, 724627
What are the prime factors of 3431821261?
11, 4091, 76261
What are the prime factors of 2522567315?
5, 37, 47, 7841
What are the prime factors of 2693347?
79, 103, 331
List the prime factors of 634077.
3, 47, 1499
What are the prime factors of 1601005030?
2, 5, 29, 5520707
List the prime factors of 156179590.
2, 5, 7, 37, 47, 1283
What are the prime factors of 358586377?
358586377
What are the prime factors of 2013089002?
2, 409, 2460989
List the prime factors of 34122952.
2, 4265369
List the prime factors of 473377867.
211, 2243497
List the prime factors of 4199380232.
2, 524922529
List the prime factors of 1134822843.
3, 7, 11, 1637551
List the prime factors of 618477775.
5, 24739111
What are the prime factors of 765398613?
3, 7, 37, 419, 2351
What are the prime factors of 5289785027?
41, 129019147
List the prime factors of 17143675.
5, 685747
List the prime factors of 333081509.
257, 1296037
What are the prime factors of 2562187595?
5, 11, 3581, 13009
List the prime factors of 134525950.
2, 5, 13, 67, 3089
List the prime factors of 629189166.
2, 3, 104864861
What are the prime factors of 2182204035?
3, 5, 11, 29, 152017
List the prime factors of 7229404947.
3, 2409801649
List the prime factors of 1307007048.
2, 3, 54458627
List the prime factors of 844848936.
2, 3, 1667, 7039
What are the prime factors of 105656533?
631, 167443
List the prime factors of 659173224.
2, 3, 27465551
List the prime factors of 712717378.
2, 439, 719, 1129
What are the prime factors of 391953040?
2, 5, 307, 15959
List the prime factors of 3739909570.
2, 5, 137, 2729861
What are the prime factors of 550429032?
2, 3, 47, 197, 2477
List the prime factors of 468853521.
3, 156284507
What are the prime factors of 8787037?
7, 983, 1277
List the prime factors of 3679864026.
2, 3, 19, 149, 216641
List the prime factors of 22448333.
547, 41039
What are the prime factors of 4796241?
3, 211, 7577
List the prime factors of 766920889.
7, 643, 170389
What are the prime factors of 6398219?
461, 13879
What are the prime factors of 155824108?
2, 11, 17, 41, 5081
What are the prime factors of 562903410?
2, 3, 5, 18763447
List the prime factors of 125077014.
2, 3, 263, 8807
What are the prime factors of 14129537?
14129537
What are the prime factors of 257832600?
2, 3, 5, 41, 47, 223
List the prime factors of 464485165.
5, 383, 242551
What are the prime factors of 346410271?
41, 167, 50593
What are the prime factors of 2111056019?
2111056019
List the prime factors of 27075198.
2, 3, 103, 193, 227
List the prime factors of 8894194135.
5, 1778838827
List the prime factors of 44981075.
5, 19, 281, 337
List the prime factors of 383150145.
3, 5, 7, 3649049
What are the prime factors of 485765429?
17, 28574437
List the prime factors of 82531904.
2, 7, 13, 37, 383
What are the prime factors of 3617211374?
2, 7, 19, 101, 134639
What are the prime factors of 2212648828?
2, 13, 71, 599309
What are the prime factors of 58009018?
2, 29004509
What are the prime factors of 255495611?
7, 1103, 33091
What are the prime factors of 4682514?
2, 3, 17, 29, 1583
List the prime factors of 449618036.
2, 7, 16057787
What are the prime factors of 32405127?
3, 19, 701, 811
What are the prime factors of 4408195389?
3, 13, 71, 1591981
What are the prime factors of 3890204498?
2, 23, 433, 195311
List the prime factors of 717036164.
2, 13, 379, 36383
List the prime factors of 18950416.
2, 149, 7949
List the prime factors of 287467350.
2, 3, 5, 257, 7457
List the prime factors of 27377250.
2, 3, 5, 173, 211
List the prime factors of 39860696.
2, 4982587
What are the prime factors of 15490293?
3, 7, 13, 23, 2467
List the prime factors of 4520727028.
2, 59, 2687, 7129
List the prime factors of 39356086.
2, 7, 11, 37, 6907
List the prime factors of 57672230.
2, 5, 7, 11, 619
What are the prime factors of 22015884?
2, 3, 11, 17, 9811
List the prime factors of 48685239.
3, 19, 94903
List the prime factors of 53500243.
1069, 50047
What are the prime factors of 2525462227?
139, 18168793
What are the prime factors of 583331998?
2, 499, 577, 1013
List the prime factors of 1807308124.
2, 71, 6363761
What are the prime factors of 155657254?
2, 229, 339863
List the prime factors of 53167603.
503, 105701
List the prime factors of 120446796.
2, 3, 881, 11393
List the prime factors of 3769938204.
2, 3, 314161517
What are the prime factors of 1854635444?
2, 503, 921787
List the prime factors of 251765339.
7, 35966477
List the prime factors of 248354092.
2, 7, 19, 23, 20297
List the prime factors of 78025394.
2, 991, 39367
List the prime factors of 105548232.
2, 3, 101, 43543
What are the prime factors of 107560593?
3, 7, 293, 5827
What are the prime factors of 582975572?
2, 23, 479, 13229
List the prime factors of 279595160.
2, 5, 13, 71, 7573
List the prime factors of 625575180.
2, 3, 5, 17, 43, 839
What are the prime factors of 7881556247?
83, 193, 492013
List the prime factors of 5415703311.
3, 17, 89, 1193149
List the prime factors of 16312862.
2, 173, 47147
What are the prime factors of 39184605?
3, 5, 47, 97, 191
What are the prime factors of 294986557?
2221, 132817
What are the prime factors of 107345024?
2, 838633
What are the prime factors of 33203786?
2, 7, 11, 251, 859
What are the prime factors of 4783387445?
5, 2797, 342037
List the prime factors of 194425347.
3, 19, 3410971
List the prime factors of 1494442815.
3, 5, 19, 2269, 2311
List the prime factors of 30618211.
13, 2355247
What are the prime factors of 70393504?
2, 1231, 1787
What are the prime factors of 16449068?
2, 349, 11783
What are the prime factors of 792168672?
2, 3, 19, 434303
List the prime factors of 1126202907.
3, 29, 79, 163859
What are the prime factors of 773139797?
29, 26659993
List the prime factors of 548141839.
7, 6271, 12487
List the prime factors of 83883046.
2, 13, 3226271
List the prime factors of 3429780873.
3, 179, 1759, 3631
What are the prime factors of 65556009?
3, 379, 19219
What are the prime factors of 303648971?
303648971
What are the prime factors of 181280014?
2, 2111, 42937
What are the prime factors of 7945166?
2, 23, 172721
What are the prime factors of 837217897?
837217897
List the prime factors of 241178799.
3, 19, 4231207
List the prime factors of 52508514.
2, 3, 19, 317, 1453
List the prime factors of 49776028.
2, 12444007
What are the prime factors of 110064169?
19, 127, 45613
What are the prime factors of 29440596?
2, 3, 1231, 1993
List the prime factors of 13436154.
2, 3, 17, 19, 2311
List the prime factors of 28473811.
28473811
List the prime factors of 3811228453.
17, 224189909
What are the prime factors of 3676659844?
2, 11, 13, 6427727
List the prime factors of 96697771.
73, 1324627
What are the prime factors of 403902335?
5, 80780467
What are the prime factors of 2061506331?
3, 229056259
What are the prime factors of 270320871?
3, 733, 122929
List the prime factors of 50244899.
401, 125299
List the prime factors of 3921718854.
2, 3, 653619809
List the prime factors of 924121298.
2, 462060649
What are the prime factors of 814915718?
2, 29, 277, 50723
List the prime factors of 37465986.
2, 3, 19, 43, 7643
List the prime factors of 377613942.
2, 3, 19, 174337
What are the prime factors of 470477879?
71, 1811, 3659
List the prime factors of 859633276.
2, 214908319
What are the prime factors of 422177365?
5, 84435473
List the prime factors of 293445713.
11, 26676883
List the prime factors of 2246359467.
3, 11, 389, 174991
What are the prime factors of 441356930?
2, 5, 7, 431, 14629
What are the prime factors of 3086843545?
5, 617368709
What are the prime factors of 13950590?
2, 5, 1395059
What are the prime factors of 17518905?
3, 5, 73, 5333
What are the prime factors of 23333771?
23333771
List the prime factors of 704595786.
2,